 -436. Let u = l + -115. Let h = 320 - u. What are the prime factors of h?
2, 53
Let k(t) = t**3 - 9*t**2 + 22*t - 28. Let s be k(10). Let u = s - -92. List the prime factors of u.
2, 3
Suppose -k + 4*t = -6*k + 5109, -3*t = -4*k + 4112. List the prime factors of 25/(-100) + k/4.
2
What are the prime factors of (-49149)/9*-3 - -15?
2, 3, 911
Let r(j) = -2*j**3 - 23*j**2 - 14*j + 1. Let x be r(-11). Suppose 10*n - x = 26. Suppose 5*s + 156 = n*s. List the prime factors of s.
2, 3, 13
Let k(c) = -4392*c - 379. What are the prime factors of k(-8)?
34757
Let f = -7 - -41. Suppose 2*y = -v - f, -3*y - y - 5*v = 74. What are the prime factors of (-290)/(-4) - 4/(y/(-6))?
71
Suppose 0 = 4*r - 182 + 2162. Suppose 15*v + 90 = 45*v. What are the prime factors of v/4 - r/12?
2, 3, 7
Let l(n) = 827*n + 15241. What are the prime factors of l(0)?
15241
Suppose -8*g = -2063 - 585. Let r = g + -150. What are the prime factors of r?
181
Let h(m) = 7*m - 19. Let z be h(3). Suppose -5*c = z*c - 3255. What are the prime factors of c?
3, 5, 31
Let x(c) = 37*c**2 - 47*c - 210. List the prime factors of x(-7).
2, 3, 7, 23
Let m(i) = -3*i**3 + i**2 - 2*i - 3. Let r be m(-1). Suppose -430 = r*j - 8*j. List the prime factors of j.
2, 43
Suppose 13*n - 168 = -142. Suppose -n*h + 3*m = -1397, 6*h = 2*h - 4*m + 2804. What are the prime factors of h?
2, 5, 7
List the prime factors of 12117 + (13 - 1) - (8 - 2)/6.
2, 379
Suppose -220436 = -5*l - 4*p, 6*l - 2*l = p + 176353. What are the prime factors of (-6)/(-45) + (-1)/((-90)/l)?
2, 5, 7
Suppose -21*s + 115362 + 256086 = 0. What are the prime factors of s?
2, 3, 11, 67
Let o = 5524 - 1313. List the prime factors of o.
4211
Suppose -15*t + 56 + 799 = 0. Suppose 51*u - t*u = -90. Suppose -5*f - u = -v, -5*f - 28 = -4*v + 17. List the prime factors of v.
2, 5
Let x(d) = -d**3 + 43*d**2 + 33*d - 1089. List the prime factors of x(35).
2, 4933
Suppose -y - 10 = u + 1, -y = 3. Let n(p) = p**2 + 9*p + 19. Let c be n(u). Suppose -5*i = -a + 97, -2*a - c*i + 164 = -6*i. List the prime factors of a.
3, 29
Let g be 2458/7*(-168)/(-48). Let a = g + -851. What are the prime factors of a?
2, 3, 7
Suppose 0 = 24*i + 2625 - 17241. Suppose 0 = 5*a - i - 1291. What are the prime factors of a?
2, 5, 19
Let b be (1 + (-318)/10)/(10/(-25)). Suppose c = 47 + b. List the prime factors of c.
2, 31
Suppose -52*m - 121392 = -116*m + 52*m. List the prime factors of m.
2, 3, 281
Let y = 109 + -107. Suppose y*r + 764 = 2*f, -f = 4*f + r - 1934. What are the prime factors of f?
2, 193
Let f(s) = -s**3 + 19*s**2 + 13*s + 19. Let k(r) = -r**2 + 1. Let d(o) = -f(o) - 4*k(o). Let u = -19 - -35. What are the prime factors of d(u)?
5
Let q = -41842 + 50186. List the prime factors of q.
2, 7, 149
Let j = -312 + 560. Let g = j - 113. What are the prime factors of g?
3, 5
Suppose -5*q + 38 = -2*l + 651, l - 5*q = 304. Suppose -l - 60 = -3*h. What are the prime factors of h?
3, 41
Suppose 4*h = -y + 3, 0*h + 3*y + 23 = 4*h. Suppose -4*n = -5*r + 569, -h*r - 35 = -n - 265. List the prime factors of r.
3, 13
Suppose 62*j = 55*j + 14826. Suppose 92*a + j = 98*a. List the prime factors of a.
353
Let l(i) be the first derivative of -41*i**2 - 77*i - 109. What are the prime factors of l(-5)?
3, 37
Let m = -27 - -41. Let q(h) be the first derivative of -h**4/4 + 13*h**3/3 + 14*h**2 + 6*h - 2. List the prime factors of q(m).
2, 101
Let l(j) = j**3 - 9*j**3 + 7*j**3 + 23*j**2 + 73 - 9*j. What are the prime factors of l(22)?
359
Let w(n) = 8*n - 22. Let d(v) be the first derivative of 20*v**2 - 110*v + 20. Let j(s) = 3*d(s) - 14*w(s). List the prime factors of j(9).
2, 5
Suppose -5*l + 2*p = -41509, 20025 = 4*l + 3*p - 13173. What are the prime factors of l?
3, 2767
Suppose 5*f + 4*i - 3*i = 988, f = -4*i + 209. Let y = -76 + f. What are the prime factors of y?
11
Let v = -2370 - -1267. Let m = 2109 + v. List the prime factors of m.
2, 503
List the prime factors of (15/(-10))/((-15)/314130).
3, 37, 283
List the prime factors of 2532 - (2 - 9/1).
2539
Let k(c) = 1273*c**3 + c**2 - 6*c + 4. Let x = 440 - 439. List the prime factors of k(x).
2, 3, 53
Let m = -11015 + 44865. List the prime factors of m.
2, 5, 677
Suppose -z - 3*c - 21 = -4*z, 5*c + 27 = z. Suppose -11*t = 2*b - 7*t - 1998, -2*t - 1968 = -z*b. What are the prime factors of b?
23, 43
Let l(v) = 14*v**2 + v - 14. Suppose -11*d - 2 + 57 = 0. List the prime factors of l(d).
11, 31
Let r = 101 + -98. What are the prime factors of (8/r)/(12/6174)?
2, 7
Let x be (15*2 + -1)/1. Suppose -5*j = 4*d + 239 - x, -2*j - 84 = 5*d. List the prime factors of 16/(-6)*j/4.
2, 7
Suppose -18*m + 132 = 4*m. What are the prime factors of (m/(-4))/((-9)/(-4260)*-2)?
5, 71
Suppose 234275 = 42*p - 385687. List the prime factors of p.
29, 509
Let l = -26 - -57. Let j = 18 - l. Let m(t) = -t - 3. List the prime factors of m(j).
2, 5
Let v(b) = b**2 + b - 3. Let u be v(-3). Suppose -2*a - u*a = 5*k + 160, 2*k + 94 = -3*a. Let y = 130 + a. List the prime factors of y.
2, 5
Let n = 203 + -199. Suppose -8*d + n*d = 3*x - 1338, -3*x = 3*d - 1005. What are the prime factors of d?
3, 37
Let r(h) = -h**3 - 4*h**2 + 7*h + 7. Let u be r(-5). List the prime factors of (1/u)/((-12)/7704).
2, 107
Let o = 12407 - 7336. List the prime factors of o.
11, 461
Let x be (74 - 86)*(-140)/(-3)*-5. Suppose x = -78*t + 83*t. List the prime factors of t.
2, 5, 7
Let g(d) = 26*d**2 - 73*d + 677. List the prime factors of g(11).
2, 5, 151
Suppose -41*r + 681329 + 517470 = 0. List the prime factors of r.
7, 4177
Let j = -181 - -181. Suppose 0 = -35*p - j*p + 5390. List the prime factors of p.
2, 7, 11
Let p be (-362292)/(-27) + (-36)/162. Suppose 0 = 19*v + p - 47979. List the prime factors of v.
17, 107
Let u(n) = -3710*n**3 - 2*n**2 - 2*n - 1. Let c be u(-1). Suppose -3414 = -5*i - 2*k, 4*i + 3*k = c - 982. Let a = -420 + i. What are the prime factors of a?
2, 3, 11
Suppose -70*v - 620398 = -51*v - 53*v. What are the prime factors of v?
71, 257
Suppose -2*d - 3*d + 15 = 0. Let b(m) = 26*m + 1817. Let j be b(-70). List the prime factors of 89 - (12 + j)/d.
2, 43
Let n(t) = -28*t + 57. Let l be n(12). Let m be 1827/6*16/12. Let g = m + l. List the prime factors of g.
127
Let b(t) = -5*t**2 + 9*t + 13. Let o = -34 + 39. Let m(p) = 5*p**2 - 8*p - 13. Let q(u) = o*m(u) + 4*b(u). List the prime factors of q(-5).
2, 3, 11
Let t be -2 - (30/(-6))/(-5). Let p be -51*(t + (4 + -5)*14). Suppose -p = -4*c - 363. What are the prime factors of c?
2, 3, 7
List the prime factors of -7 + 7 + (-7 - -5)*-2001.
2, 3, 23, 29
Suppose -2*l = 3*k + 70, -l + 0*k - 9 = -5*k. Let h = 31 + l. Suppose h*v - 80 = -0*v. What are the prime factors of v?
2, 5
Let n(l) be the third derivative of 0*l - 1/6*l**3 - 11/24*l**4 - 18*l**2 + 0. What are the prime factors of n(-2)?
3, 7
Suppose -5*p - 2*n + 25 = 3*n, -p + n = -5. Let q = -682 + 722. Suppose -q - 405 = -5*b + 5*i, p*b - 473 = -2*i. List the prime factors of b.
3, 31
Let b be (18246/(-12) - -5)/((-1)/2). Suppose -b = -5*q + 3*h, -2441 = 7*q - 11*q - 3*h. List the prime factors of q.
2, 19
Let d(v) = -21*v**3 + 4*v**2 + 66*v + 53. What are the prime factors of d(-6)?
4337
Let n = 2814 + 2630. What are the prime factors of n?
2, 1361
What are the prime factors of -6 + (0 - -42)*196 + 3/1?
3, 13, 211
Suppose -53*p = -44*p - 31572. What are the prime factors of p?
2, 877
What are the prime factors of 2*3*4/12 - -3372?
2, 7, 241
Suppose -2*q = -200*q + 8255214. List the prime factors of q.
173, 241
Let o be (-1 - -2 - -7)*2. Suppose -4*l + 60 = -3*d, 2*l - 30 = -d - 2*d. Suppose -o*k + 4 = -l*k. List the prime factors of k.
2
Suppose 100576 = -342*w + 358*w. What are the prime factors of w?
2, 7, 449
Suppose -31*h - 127*h = -56*h - 1435956. What are the prime factors of h?
2, 7039
Suppose -12*v + 8*v - 20825 = -3*f, f + 4*v = 6931. What are the prime factors of f?
3, 257
Let a = -197 - -200. Suppose 0 = -4*q + 12, -a*b - 2*b + 3*q = -346. List the prime factors of b.
71
Let s(o) = -2*o**3 + 4*o**3 - 6*o**2 + 14*o + 2*o - 24*o - 14. List the prime factors of s(8).
2, 281
Let s = 125 - 130. What are the prime factors of ((-9)/s)/(-3 - (-152)/50)?
3, 5
Let n(y) = -339*y**3 - 9*y**2 + 143*y + 677. What are the prime factors of n(-5)?
2, 7, 47
